s*f. Is f a multiple of 10?
False
Let y(m) = -47*m - 48. Let j(l) = 8*l + 8. Let q(r) = -34*j(r) - 6*y(r). Does 29 divide q(10)?
True
Let w = 788 + -460. Does 17 divide w?
False
Let h(c) = -61*c - 17. Let p be h(-11). Suppose -4*l + 5*n + p = 74, 0 = 3*l - 2*n - 442. Does 15 divide l?
True
Let t = 12 + 557. Is t a multiple of 54?
False
Let h(l) be the first derivative of l**3/3 - 3*l**2/2 + 2*l - 113. Let a(b) = 2*b**2 - 2*b + 1. Let o be a(2). Does 3 divide h(o)?
True
Let s be 8 - 1*(-4)/2. Let g be ((-1620)/(-75))/(1/s). Suppose 2*x = 6*x - g. Does 18 divide x?
True
Let x(u) = -2*u - 15. Let h be x(-9). Suppose q = -4*d + 16, -79 = -4*q - 4*d - h. Is 10 a factor of q?
True
Let v be 4*(-1)/(-4 - -3) - 235. Does 10 divide (-1)/5 + v/(-5) - 0?
False
Let y = 6 - -6. Let p be y/5 + 21/35. Suppose -p*j + 50 = 2*j. Does 10 divide j?
True
Let m be (9/9 + -2)*-40. Suppose -z + 3*f + 2*f = -20, -z + f = -4. Suppose z = j - 3*r - 35, 0 = j - 4*r - m. Does 10 divide j?
True
Suppose -2*h = 4*h. Suppose -192 = -6*w - h*w. Is 8 a factor of w?
True
Let l = -39 + 41. Let v(y) = -4*y + 11 - l*y + 4*y - 2*y. Is 13 a factor of v(-9)?
False
Suppose 4*a - 5*z = -51, -a + 2*z = -6*a - 72. Let v = 27 + a. Is v a multiple of 13?
True
Let r(x) be the third derivative of -2*x**4/3 - 13*x**3/6 + 3*x**2. Is r(-6) a multiple of 22?
False
Let v(j) be the second derivative of -j**5/60 - j**4/2 - 3*j**3/2 - 2*j**2 + 6*j. Let g(h) be the first derivative of v(h). Is g(-6) a multiple of 14?
False
Suppose -2*x - 2*x = 5*z + 55, -4*z = 5*x + 62. Does 15 divide (52/x)/((-3)/(300/4))?
False
Let k(a) = -34*a - 39. Is 3 a factor of k(-3)?
True
Suppose 0 = 8*x - 5*x. Suppose -35 = 4*m + 4*n - 5*n, x = 2*m + 2*n + 20. Is ((-6)/m)/(2/6) even?
True
Suppose -5*p = 5, -5*v - p + 14 + 140 = 0. Let q = v - 60. Let o = -8 - q. Does 10 divide o?
False
Let n(h) be the third derivative of h**5/60 - h**4/24 + h**3/2 - 18*h**2. Is 4 a factor of n(-2)?
False
Suppose 7*m - 4*m = -36. Let n be (m/20)/1*5. Is n/6*6 + 5 even?
True
Let w = -8 - -11. Suppose w*p = 3*x + 75, 2*p + 2*x - 56 = -2. Suppose -p = -2*b + 136. Is b a multiple of 27?
True
Let s = -7 + 352. Is s a multiple of 5?
True
Let h(y) = 3*y - 4. Suppose -2*z + 1 = -3. Let t be h(z). Suppose -5*g = 3*x - 43, -14 = -3*g + g + t*x. Is g a multiple of 7?
False
Let r = -124 + 127. Suppose 5 = -3*i + 2*i, -i + 118 = r*x. Is x a multiple of 4?
False
Let t(k) = 7*k + 1. Let u = 3 - 4. Let f be t(u). Let d = 26 + f. Is 5 a factor of d?
True
Let s = 2453 - 325. Does 20 divide s?
False
Does 2 divide (-588)/(-30) + (-4)/(-10) + -1?
False
Let j(l) be the third derivative of 0*l + 0 - 11/24*l**4 - l**3 - 3*l**2 - 1/60*l**5. Is 7 a factor of j(-7)?
False
Suppose u - 4*u + 2*l + 535 = 0, -5*l - 342 = -2*u. Is u a multiple of 10?
False
Let p(b) = -2 - 9*b - 14*b**2 + 2*b**3 + 47*b - 4*b. Is p(6) a multiple of 10?
True
Suppose -16 = 4*i, t + 8*i = 3*i - 9. Suppose -2*y + 2*u + 26 = 0, 0 = -2*y + 5*u + 24 + t. Let j = y + 8. Is 9 a factor of j?
True
Suppose -7*o - 8*o + 21735 = 0. Is 21 a factor of o?
True
Let z = 489 - 171. Does 53 divide z?
True
Let t = -3201 + 4792. Is t a multiple of 11?
False
Suppose -4*b + 194 = 2*u - 190, 177 = u - 3*b. Is 9 a factor of u?
False
Let a(j) = j**3 - 8*j**2 + 3*j - 6. Is a(9) a multiple of 34?
True
Let v = 6 + -4. Suppose -5 = -5*p, 5*i - v*p = 78 + 270. Let t = -34 + i. Does 14 divide t?
False
Let g = 2207 + -133. Is g a multiple of 17?
True
Suppose 0 = -5*m - w + 24 + 9, -4*m - 2*w = -30. Suppose 9 = 5*z - m. Is 7 a factor of z*-1 + 259/7?
False
Let r(p) be the third derivative of p**5/60 - 5*p**4/24 - 11*p**3/3 - 20*p**2. Is r(-9) a multiple of 13?
True
Let d(a) = a**2 + a + 3. Let r(q) = -q - 1. Let i(s) = d(s) + r(s). Is i(7) a multiple of 14?
False
Let f be (-60)/(-14) - -2 - 8/28. Suppose -f*y + 9*y = 126. Does 14 divide y?
True
Let v = 793 + -364. Does 39 divide v?
True
Let u(r) = r + 4. Let n be u(0). Suppose 5*p - 3*p = 20. Suppose -n*c = c - p, -3*i + 86 = c. Is i a multiple of 7?
True
Is 795 - (-2)/3*(-9)/(-2) a multiple of 21?
True
Let s(l) = -l**2 + 10*l + 2. Let c be s(10). Suppose c*o + 32 - 128 = 0. Is o a multiple of 16?
True
Let a(o) be the first derivative of o**6/360 - o**5/12 + 11*o**4/24 + 2*o**3/3 - 4. Let q(c) be the third derivative of a(c). Does 4 divide q(10)?
False
Let h(n) = n**2 + 3*n + 22. Let d(b) = b**3 + 12*b**2 - 15*b - 26. Let l be d(-13). Is 4 a factor of h(l)?
False
Suppose -10 = 2*j + 2*s, -15 = -22*j + 17*j + 5*s. Let l(p) = p + 5. Let a be l(-3). Let y = a - j. Is y a multiple of 2?
False
Is 11 a factor of (1475/(-5))/(-5) - 8/(-2)?
False
Suppose -2*h - 41 = 5*m, -5*h - 65 = m + 4*m. Is 22 a factor of h/(-2) - 1275/(-15)?
False
Is (-3)/5*1 - (-178)/5 a multiple of 10?
False
Let a(w) = -31*w + 78. Is a(-11) a multiple of 8?
False
Let d be 3/2 + 3/6. Suppose 15 = 5*a + 3*l - d, 0 = -3*l - 3. Suppose 0 = 6*c - a*c - 44. Does 11 divide c?
True
Suppose i = -3*i - 4*h - 8, 10 = -5*h. Suppose i = 2*n + 2*v - 512, -512 = -2*n + 2*v - 3*v. Let k = n - 144. Is k a multiple of 14?
True
Suppose 30 = 3*b - 45. Let r = 27 + b. Is r a multiple of 13?
True
Suppose m + 307 = -0*o + 2*o, -o - 3*m + 157 = 0. Suppose 0 = -2*a + 4*b - o, 301 = -4*a - b + 2*b. Let v = a - -139. Does 16 divide v?
True
Let n(j) be the third derivative of -11*j**4/24 - 7*j**3/3 + 8*j**2. Does 7 divide n(-3)?
False
Suppose -u - 4*r = -234, -1215 = -5*u - 5*r - 0*r. Let o be (9 - 21) + 2*184. Let z = o - u. Does 34 divide z?
False
Let m be (-2)/4 - 3537/(-18). Suppose 0 = -3*c - c + m. Is 12 a factor of 2373/c + 3/(-7)?
True
Let u(j) = j**3 + 24*j**2 + 24*j + 41. Does 19 divide u(-22)?
False
Let t = -58 - -97. Suppose -4*f = -g - 179, 2*g - t = -4*f + 131. Is f a multiple of 11?
True
Let d be (1*-3)/(36/(-24)). Suppose -t + 331 = d*a + 4*t, 4*t - 4 = 0. Is 19 a factor of a?
False
Suppose 1914 = -18*q + 6504. Does 5 divide q?
True
Suppose -18 = -3*m - 5*g, 0 = -3*m + 6*m + 3*g - 12. Let q be m + (14*2)/1. Let n = q + 17. Does 14 divide n?
False
Let q(c) = 339*c + 364. Is q(11) a multiple of 17?
False
Let c(p) be the third derivative of p**5/60 + p**4/12 - p**3/3 + 15*p**2. Is c(3) even?
False
Let p(t) be the first derivative of 4/3*t**3 + 0*t**2 - t + 6. Is 11 a factor of p(3)?
False
Suppose 5*j - 5*k = -2*k - 53, -27 = 3*j + 3*k. Let f = 3 + j. Is 12 a factor of 20/70 - 250/f?
True
Let l(a) = a**3 - a**2 - a. Let o(p) = 7*p**2 + 2*p + 3. Let f(h) = 5*l(h) + o(h). Let g(i) be the first derivative of f(i). Does 13 divide g(2)?
True
Let t(u) = -8*u + 21. Let c be t(-7). Suppose -h = 3*r - c, -4 = 4*h + 12. Does 11 divide r?
False
Let x(i) = i**3 - 5*i**2 + 6*i - 5. Let d be x(4). Suppose d*z - z = 12. Let w(p) = -p**2 + 10*p - 8. Does 6 divide w(z)?
False
Let n(a) be the second derivative of 11*a**3 + 5*a**2/2 + 9*a. Is n(1) a multiple of 17?
False
Suppose 0 = 2804*t - 2810*t + 1302. Does 6 divide t?
False
Suppose 14*r = 5*r + 2997. Does 37 divide r?
True
Let a(v) = -73*v - 3. Is 15 a factor of a(-3)?
False
Is 47 a factor of (-684)/54*(-129)/2?
False
Let q(h) = -h**3 - 43*h**2 + 4*h + 552. Is q(-43) a multiple of 10?
True
Suppose 29 + 61 = 3*o. Let p be 2/4 - (750/(-12) + 5). Let w = p - o. Does 14 divide w?
True
Let y be ((-152)/(-1))/(1 + 1). Let a = y + -53. Is 23 a factor of a?
True
Suppose -6*o + 20 = -2*o. Suppose -o*p = -0*p - 20. Suppose -p*k - 9 = -45. Is 2 a factor of k?
False
Let a = -781 - -805. Is a a multiple of 6?
True
Suppose 3*t = 4 + 2. Let h(b) = 0*b**2 - 3*b - 2*b**2 + 3*b**t - 4. Is 25 a factor of h(9)?
True
Suppose -2*d - 11 - 25 = 0. Let k = d + 21. Is 9 a factor of 2*k/(-12)*-30?
False
Suppose 2*t - 28 = 5*s, -5*s - 42 = -4*t - 2*s. Does 4 divide (3/t)/(2/36)?
False
Let p(r) be the second derivative of -2*r**3 - 2*r**2 - 6*r. Let c be p(-3). Is 6/(-9) - c/(-3) a multiple of 4?
False
Let s be (2 + -11)*(4 - 250/6). Let l = s + -222. Is l a multiple of 13?
True
Let v = -2 - -31. Suppose 5*u - 20 = -5*o - 15, -4*o + 20 = -4*u. Suppose -3*s - 4*w + v = -o, -w = -2. Is s a multiple of 4?
True
Suppose 125 = 3*g - 157. Let k = 116 - g. Is 3 a factor of k?
False
Suppose 2*a = -a - 2*w, -5*w = 0. Suppose 2 + 1 = d. Suppose n - d - 33 = a. Does 10 divide n?
False
Suppose -k + 5 + 1 = 0. Suppose -k = -x + 2